t is the highest common factor of 1716 and 22?
22
Calculate the greatest common factor of 17227 and 322.
161
What is the greatest common divisor of 1695 and 45?
15
Calculate the highest common factor of 624 and 15704.
104
What is the highest common divisor of 20 and 11560?
20
Calculate the greatest common factor of 22 and 946.
22
What is the greatest common factor of 194 and 2231?
97
Calculate the greatest common factor of 651 and 372.
93
What is the highest common divisor of 1168 and 16?
16
Calculate the highest common divisor of 629 and 37.
37
What is the highest common factor of 90 and 18?
18
What is the greatest common divisor of 741 and 342?
57
Calculate the greatest common factor of 1793 and 1.
1
What is the greatest common factor of 72 and 1224?
72
Calculate the greatest common factor of 396 and 444.
12
What is the highest common divisor of 1315 and 25?
5
What is the highest common divisor of 253 and 23?
23
Calculate the greatest common divisor of 22 and 97.
1
What is the greatest common factor of 164 and 2378?
82
What is the greatest common divisor of 2331 and 126?
63
Calculate the greatest common divisor of 482 and 34.
2
What is the highest common divisor of 4010 and 100?
10
What is the greatest common factor of 459 and 216?
27
What is the highest common divisor of 416 and 32?
32
Calculate the highest common divisor of 48 and 496.
16
Calculate the greatest common factor of 175 and 70.
35
What is the highest common factor of 5198 and 1582?
226
Calculate the greatest common divisor of 658 and 532.
14
Calculate the highest common factor of 6208 and 64.
64
Calculate the greatest common factor of 53 and 26871.
53
What is the greatest common divisor of 558 and 108?
18
Calculate the greatest common factor of 989 and 43.
43
Calculate the highest common factor of 186 and 78.
6
What is the highest common divisor of 13767 and 13?
13
Calculate the highest common divisor of 1518 and 9361.
253
Calculate the greatest common divisor of 120 and 9160.
40
What is the highest common factor of 10066 and 21?
7
Calculate the greatest common divisor of 17 and 969.
17
What is the highest common factor of 390 and 312?
78
Calculate the highest common divisor of 63 and 7623.
63
What is the highest common divisor of 9 and 807?
3
Calculate the greatest common factor of 13 and 1833.
13
What is the highest common divisor of 322 and 14?
14
Calculate the greatest common divisor of 14 and 3962.
14
What is the highest common divisor of 6319 and 89?
89
Calculate the greatest common factor of 36 and 684.
36
Calculate the highest common divisor of 5 and 1095.
5
What is the highest common divisor of 153 and 17?
17
Calculate the greatest common factor of 2107 and 1813.
49
Calculate the highest common divisor of 561 and 165.
33
Calculate the highest common factor of 140 and 455.
35
Calculate the highest common factor of 12 and 32.
4
Calculate the highest common factor of 38 and 2.
2
Calculate the greatest common factor of 18 and 1038.
6
What is the highest common factor of 204 and 96?
12
What is the greatest common divisor of 732 and 8?
4
What is the highest common factor of 7119 and 27?
9
What is the highest common divisor of 53 and 53?
53
Calculate the greatest common factor of 30 and 96.
6
What is the highest common divisor of 7950 and 600?
150
Calculate the highest common divisor of 74 and 592.
74
Calculate the highest common factor of 284 and 1846.
142
Calculate the highest common factor of 772 and 4.
4
What is the highest common divisor of 8 and 148?
4
What is the highest common divisor of 148 and 37?
37
What is the greatest common divisor of 160 and 2440?
40
Calculate the highest common divisor of 55 and 176.
11
What is the greatest common factor of 178 and 445?
89
What is the highest common factor of 88 and 2552?
88
Calculate the greatest common factor of 135 and 243.
27
Calculate the greatest common divisor of 30 and 490.
10
Calculate the highest common factor of 378 and 30.
6
Calculate the greatest common divisor of 7356 and 24.
12
Calculate the greatest common factor of 13066 and 282.
94
What is the highest common divisor of 59 and 4189?
59
What is the greatest common factor of 34605 and 60?
15
What is the highest common factor of 715 and 2310?
55
What is the greatest common divisor of 33 and 198?
33
Calculate the highest common factor of 40 and 45.
5
Calculate the highest common divisor of 130 and 4758.
26
What is the greatest common factor of 54 and 900?
18
Calculate the highest common divisor of 900 and 72.
36
What is the highest common factor of 272 and 4?
4
What is the highest common factor of 5 and 2105?
5
Calculate the greatest common factor of 181 and 11.
1
What is the highest common factor of 1805 and 190?
95
What is the highest common factor of 13 and 91?
13
What is the highest common factor of 1464 and 24?
24
What is the highest common divisor of 1062 and 18?
18
What is the greatest common factor of 7 and 161?
7
What is the highest common factor of 95 and 209?
19
What is the highest common factor of 184 and 1610?
46
What is the greatest common divisor of 12888 and 72?
72
Calculate the greatest common factor of 56 and 868.
28
Calculate the greatest common factor of 16 and 20.
4
What is the greatest common divisor of 378 and 2322?
54
What is the greatest common divisor of 4390 and 20?
10
Calculate the highest common factor of 57 and 1824.
57
What is the greatest common divisor of 976 and 16?
16
What is the greatest common divisor of 703 and 814?
37
Calculate the greatest common divisor of 15 and 2085.
15
What is the highest common divisor of 16 and 576?
16
What is the greatest common factor of 90 and 120?
30
Calculate the highest common divisor of 35 and 1335.
5
Calculate the greatest common factor of 8116 and 12.
4
What is the greatest common factor of 45 and 150?
15
What is the greatest common factor of 368 and 112?
16
Calculate the greatest common factor of 8 and 400.
8
Calculate the greatest common factor of 46 and 506.
46
Calculate the highest common factor of 1206 and 1656.
18
Calculate the greatest common factor of 16 and 14608.
16
Calculate the highest common divisor of 3615 and 2651.
241
What is the highest common factor of 147 and 833?
49
Calculate the greatest common factor of 1675 and 25.
25
What is the greatest common factor of 3 and 2067?
3
What is the highest common divisor of 98 and 112?
14
Calculate the highest common divisor of 34 and 422.
2
Calculate the greatest common factor of 455 and 377.
13
What is the greatest common factor of 12565 and 35?
35
Calculate the greatest common factor of 1161 and 351.
27
Calculate the greatest common divisor of 248 and 589.
31
Calculate the highest common factor of 27 and 657.
9
What is the highest common divisor of 207 and 12?
3
Calculate the highest common divisor of 142 and 1207.
71
Calculate the greatest common factor of 494 and 26.
26
What is the highest common factor of 1781 and 130?
13
What is the greatest common factor of 30 and 80?
10
What is the highest common factor of 28 and 322?
14
Calculate the highest common factor of 2086 and 518.
14
Calculate the greatest common factor of 8208 and 24.
24
Calculate the highest common divisor of 627 and 132.
33
Calculate the greatest common divisor of 1092 and 588.
84
Calculate the highest common divisor of 5547 and 516.
129
What is the greatest common divisor of 58 and 3799?
29
What is the highest common factor of 936 and 1664?
104
What is the highest common factor of 37 and 3811?
37
Calculate the highest common factor of 11 and 143.
11
What is the highest common factor of 28 and 3514?
14
What is the greatest common divisor of 16 and 13168?
16
What is the greatest common factor of 1098 and 27?
9
What is the greatest common factor of 2346 and 306?
102
What is the highest common factor of 253 and 121?
11
What is the greatest common factor of 444 and 300?
12
Calculate the highest common divisor of 581 and 996.
83
What is the greatest common divisor of 4257 and 198?
99
What is the greatest common divisor of 39 and 1443?
39
What is the highest common factor of 396 and 108?
36
Calculate the highest common factor of 100 and 160.
20
What is the highest common divisor of 80 and 1010?
10
Calculate the greatest common divisor of 8 and 20.
4
Calculate the great